{"id":158,"date":"2025-04-27T11:20:19","date_gmt":"2025-04-27T11:20:19","guid":{"rendered":"https:\/\/davor.pleskina.com\/?page_id=158"},"modified":"2025-04-27T11:22:33","modified_gmt":"2025-04-27T11:22:33","slug":"predgovor-knjizi-celik-i-cast-u-sjeni-polumjeseca","status":"publish","type":"page","link":"https:\/\/davor.pleskina.com\/?page_id=158","title":{"rendered":"Predgovor knjizi &#8220;\u010celik i \u010dast &#8211; u sjeni polumjeseca&#8221;"},"content":{"rendered":"<h3><strong>Neodoljiva privla\u010dnost povijesne fikcije<\/strong><\/h3>\n<p>&nbsp;<\/p>\n<p>Dobra povijesna pri\u010da ima neku svoju neodoljivu privla\u010dnost. Slu\u0161amo je otvorenih usta dok uko\u010deno zurimo u pripovjeda\u010da, a \u010ditamo stiskaju\u0107i zube dok vrhovima prstiju nesvjesnim pokretom polako podi\u017eemo rub sljede\u0107e stranice.<\/p>\n<p>Knjiga koju upravo dr\u017eite u ruci ima ba\u0161 takvu pri\u010du. I u\u017eivat \u0107ete u svakom njezinom retku. Brzo \u0107ete se povezati s mladim parom iz tada sasvim novog grada Karlovca, razdvojenim nesretnim stjecajem okolnosti i u\u017eivjeti u napore ne samo njih samih, ve\u0107 i njihovih bli\u017enjih, pa \u010dak i potpuno nepoznatih, da izdr\u017ee u \u017eivotnoj utrci s vremenom ususret onom danu u kojemu \u0107e se okolnosti promijeniti nabolje.<\/p>\n<p>Upravo je o\u010daravaju\u0107e kako ovo djelo &#8211; prvijenac autora Davora Pleskine &#8211; odi\u0161e zrelo\u0161\u0107u, vrhunskom naracijom i ljepotom izraza. Ima u tome i onoga \u0161to ba\u0161tinimo jo\u0161 iz doba Augusta \u0160enoe i Josipa Eugena Tomi\u0107a, \u0161to smo kao djeca \u010ditali prvo za \u0161kolsku lektiru, a potom za vlastiti u\u017eitak u prekrasnoj hrvatskoj rije\u010di. Nema u tom neoromanti\u010darskom pristupu ni\u010dega lo\u0161eg. Upravo suprotno. Autor je time istodobno pokazao ne samo vlastiti knji\u017eevni izraz ve\u0107 i svoju na\u010ditanost, pri \u010demu je bez imalo skrivanja odao po\u0161tovanje svojim uzorima i velikim prethodnicima.<\/p>\n<p>Kao i svakoj drugoj povijesno dobro utemeljenoj pri\u010di, i ovoj je prethodilo temeljito prou\u010davanje povijesti, \u0161to najvi\u0161e upada u o\u010di uporabom izraza iz onog doba. Tako \u0107ete pro\u010ditati da se vo\u0161tanicama no\u0107u osvjetljavaju izbe i konaci, jede sud\u017euk, trguje na pazaru, kako jedni vojnici nose helebarde, a drugi jatagane i kilije, putnici se sklanjaju po \u010dardacima ili okupljaju oko krijesova po taborima, gdje s akind\u017eijama, spahijama i janji\u010darima uz \u010dadore u kazanu \u010dorbu kuhaju\u2026<\/p>\n<p>Prepu\u0161tam vas sada Davoru Pleskini i njegovoj prekrasnoj pri\u010di.<\/p>\n<p>&nbsp;<\/p>\n<p><strong>Tomislav Beroni\u0107, urednik<\/strong><\/p>\n","protected":false},"excerpt":{"rendered":"<p>Neodoljiva privla\u010dnost povijesne fikcije &nbsp; Dobra povijesna pri\u010da ima neku svoju neodoljivu privla\u010dnost. Slu\u0161amo je otvorenih usta dok uko\u010deno zurimo [&hellip;]<\/p>\n","protected":false},"author":1,"featured_media":0,"parent":0,"menu_order":0,"comment_status":"closed","ping_status":"closed","template":"","meta":{"_uag_custom_page_level_css":"","site-sidebar-layout":"default","site-content-layout":"","ast-site-content-layout":"default","site-content-style":"default","site-sidebar-style":"default","ast-global-header-display":"","ast-banner-title-visibility":"","ast-main-header-display":"","ast-hfb-above-header-display":"","ast-hfb-below-header-display":"","ast-hfb-mobile-header-display":"","site-post-title":"","ast-breadcrumbs-content":"","ast-featured-img":"","footer-sml-layout":"","theme-transparent-header-meta":"default","adv-header-id-meta":"","stick-header-meta":"","header-above-stick-meta":"","header-main-stick-meta":"","header-below-stick-meta":"","astra-migrate-meta-layouts":"set","ast-page-background-enabled":"default","ast-page-background-meta":{"desktop":{"background-color":"var(--ast-global-color-5)","background-image":"","background-repeat":"repeat","background-position":"center center","background-size":"auto","background-attachment":"scroll","background-type":"","background-media":"","overlay-type":"","overlay-color":"","overlay-opacity":"","overlay-gradient":""},"tablet":{"background-color":"","background-image":"","background-repeat":"repeat","background-position":"center center","background-size":"auto","background-attachment":"scroll","background-type":"","background-media":"","overlay-type":"","overlay-color":"","overlay-opacity":"","overlay-gradient":""},"mobile":{"background-color":"","background-image":"","background-repeat":"repeat","background-position":"center center","background-size":"auto","background-attachment":"scroll","background-type":"","background-media":"","overlay-type":"","overlay-color":"","overlay-opacity":"","overlay-gradient":""}},"ast-content-background-meta":{"desktop":{"background-color":"var(--ast-global-color-4)","background-image":"","background-repeat":"repeat","background-position":"center center","background-size":"auto","background-attachment":"scroll","background-type":"","background-media":"","overlay-type":"","overlay-color":"","overlay-opacity":"","overlay-gradient":""},"tablet":{"background-color":"var(--ast-global-color-4)","background-image":"","background-repeat":"repeat","background-position":"center center","background-size":"auto","background-attachment":"scroll","background-type":"","background-media":"","overlay-type":"","overlay-color":"","overlay-opacity":"","overlay-gradient":""},"mobile":{"background-color":"var(--ast-global-color-4)","background-image":"","background-repeat":"repeat","background-position":"center center","background-size":"auto","background-attachment":"scroll","background-type":"","background-media":"","overlay-type":"","overlay-color":"","overlay-opacity":"","overlay-gradient":""}},"footnotes":""},"class_list":["post-158","page","type-page","status-publish","hentry"],"yoast_head":"<!-- This site is optimized with the Yoast SEO plugin v24.9 - https:\/\/yoast.com\/wordpress\/plugins\/seo\/ -->\n<title>Predgovor knjizi &quot;\u010celik i \u010dast - u sjeni polumjeseca&quot; - Davor Pleskina - avtor<\/title>\n<meta name=\"robots\" content=\"index, follow, max-snippet:-1, max-image-preview:large, max-video-preview:-1\" \/>\n<link rel=\"canonical\" href=\"https:\/\/davor.pleskina.com\/?page_id=158\" \/>\n<meta property=\"og:locale\" content=\"en_US\" \/>\n<meta property=\"og:type\" content=\"article\" \/>\n<meta property=\"og:title\" content=\"Predgovor knjizi &quot;\u010celik i \u010dast - u sjeni polumjeseca&quot; - Davor Pleskina - avtor\" \/>\n<meta property=\"og:description\" content=\"Neodoljiva privla\u010dnost povijesne fikcije &nbsp; Dobra povijesna pri\u010da ima neku svoju neodoljivu privla\u010dnost. Slu\u0161amo je otvorenih usta dok uko\u010deno zurimo [&hellip;]\" \/>\n<meta property=\"og:url\" content=\"https:\/\/davor.pleskina.com\/?page_id=158\" \/>\n<meta property=\"og:site_name\" content=\"Davor Pleskina - avtor\" \/>\n<meta property=\"article:publisher\" content=\"https:\/\/www.facebook.com\/davor.pleskina\" \/>\n<meta property=\"article:modified_time\" content=\"2025-04-27T11:22:33+00:00\" \/>\n<meta name=\"twitter:card\" content=\"summary_large_image\" \/>\n<meta name=\"twitter:label1\" content=\"Est. reading time\" \/>\n\t<meta name=\"twitter:data1\" content=\"2 minutes\" \/>\n<script type=\"application\/ld+json\" class=\"yoast-schema-graph\">{\"@context\":\"https:\/\/schema.org\",\"@graph\":[{\"@type\":\"WebPage\",\"@id\":\"https:\/\/davor.pleskina.com\/?page_id=158\",\"url\":\"https:\/\/davor.pleskina.com\/?page_id=158\",\"name\":\"Predgovor knjizi \\\"\u010celik i \u010dast - u sjeni polumjeseca\\\" - Davor Pleskina - avtor\",\"isPartOf\":{\"@id\":\"https:\/\/davor.pleskina.com\/#website\"},\"datePublished\":\"2025-04-27T11:20:19+00:00\",\"dateModified\":\"2025-04-27T11:22:33+00:00\",\"breadcrumb\":{\"@id\":\"https:\/\/davor.pleskina.com\/?page_id=158#breadcrumb\"},\"inLanguage\":\"en-US\",\"potentialAction\":[{\"@type\":\"ReadAction\",\"target\":[\"https:\/\/davor.pleskina.com\/?page_id=158\"]}]},{\"@type\":\"BreadcrumbList\",\"@id\":\"https:\/\/davor.pleskina.com\/?page_id=158#breadcrumb\",\"itemListElement\":[{\"@type\":\"ListItem\",\"position\":1,\"name\":\"Home\",\"item\":\"https:\/\/davor.pleskina.com\/?page_id=82&lang=sl\"},{\"@type\":\"ListItem\",\"position\":2,\"name\":\"Predgovor knjizi &#8220;\u010celik i \u010dast &#8211; u sjeni polumjeseca&#8221;\"}]},{\"@type\":\"WebSite\",\"@id\":\"https:\/\/davor.pleskina.com\/#website\",\"url\":\"https:\/\/davor.pleskina.com\/\",\"name\":\"Davor Pleskina - Author\",\"description\":\"\",\"publisher\":{\"@id\":\"https:\/\/davor.pleskina.com\/#\/schema\/person\/73a3c55dd492b781e0ccde1908336648\"},\"potentialAction\":[{\"@type\":\"SearchAction\",\"target\":{\"@type\":\"EntryPoint\",\"urlTemplate\":\"https:\/\/davor.pleskina.com\/?s={search_term_string}\"},\"query-input\":{\"@type\":\"PropertyValueSpecification\",\"valueRequired\":true,\"valueName\":\"search_term_string\"}}],\"inLanguage\":\"en-US\"},{\"@type\":[\"Person\",\"Organization\"],\"@id\":\"https:\/\/davor.pleskina.com\/#\/schema\/person\/73a3c55dd492b781e0ccde1908336648\",\"name\":\"Davor Pleskina\",\"image\":{\"@type\":\"ImageObject\",\"inLanguage\":\"en-US\",\"@id\":\"https:\/\/davor.pleskina.com\/#\/schema\/person\/image\/\",\"url\":\"https:\/\/davor.pleskina.com\/wp-content\/uploads\/2025\/04\/cropped-9e4a4959-8b7d-42cf-a303-7ca0cb4aa407.jpg\",\"contentUrl\":\"https:\/\/davor.pleskina.com\/wp-content\/uploads\/2025\/04\/cropped-9e4a4959-8b7d-42cf-a303-7ca0cb4aa407.jpg\",\"width\":736,\"height\":810,\"caption\":\"Davor Pleskina\"},\"logo\":{\"@id\":\"https:\/\/davor.pleskina.com\/#\/schema\/person\/image\/\"},\"sameAs\":[\"https:\/\/davor.pleskina.com\",\"https:\/\/www.facebook.com\/davor.pleskina\",\"https:\/\/www.instagram.com\/lorddavor\"]}]}<\/script>\n<!-- \/ Yoast SEO plugin. -->","yoast_head_json":{"title":"Predgovor knjizi \"\u010celik i \u010dast - u sjeni polumjeseca\" - Davor Pleskina - avtor","robots":{"index":"index","follow":"follow","max-snippet":"max-snippet:-1","max-image-preview":"max-image-preview:large","max-video-preview":"max-video-preview:-1"},"canonical":"https:\/\/davor.pleskina.com\/?page_id=158","og_locale":"en_US","og_type":"article","og_title":"Predgovor knjizi \"\u010celik i \u010dast - u sjeni polumjeseca\" - Davor Pleskina - avtor","og_description":"Neodoljiva privla\u010dnost povijesne fikcije &nbsp; Dobra povijesna pri\u010da ima neku svoju neodoljivu privla\u010dnost. Slu\u0161amo je otvorenih usta dok uko\u010deno zurimo [&hellip;]","og_url":"https:\/\/davor.pleskina.com\/?page_id=158","og_site_name":"Davor Pleskina - avtor","article_publisher":"https:\/\/www.facebook.com\/davor.pleskina","article_modified_time":"2025-04-27T11:22:33+00:00","twitter_card":"summary_large_image","twitter_misc":{"Est. reading time":"2 minutes"},"schema":{"@context":"https:\/\/schema.org","@graph":[{"@type":"WebPage","@id":"https:\/\/davor.pleskina.com\/?page_id=158","url":"https:\/\/davor.pleskina.com\/?page_id=158","name":"Predgovor knjizi \"\u010celik i \u010dast - u sjeni polumjeseca\" - Davor Pleskina - avtor","isPartOf":{"@id":"https:\/\/davor.pleskina.com\/#website"},"datePublished":"2025-04-27T11:20:19+00:00","dateModified":"2025-04-27T11:22:33+00:00","breadcrumb":{"@id":"https:\/\/davor.pleskina.com\/?page_id=158#breadcrumb"},"inLanguage":"en-US","potentialAction":[{"@type":"ReadAction","target":["https:\/\/davor.pleskina.com\/?page_id=158"]}]},{"@type":"BreadcrumbList","@id":"https:\/\/davor.pleskina.com\/?page_id=158#breadcrumb","itemListElement":[{"@type":"ListItem","position":1,"name":"Home","item":"https:\/\/davor.pleskina.com\/?page_id=82&lang=sl"},{"@type":"ListItem","position":2,"name":"Predgovor knjizi &#8220;\u010celik i \u010dast &#8211; u sjeni polumjeseca&#8221;"}]},{"@type":"WebSite","@id":"https:\/\/davor.pleskina.com\/#website","url":"https:\/\/davor.pleskina.com\/","name":"Davor Pleskina - Author","description":"","publisher":{"@id":"https:\/\/davor.pleskina.com\/#\/schema\/person\/73a3c55dd492b781e0ccde1908336648"},"potentialAction":[{"@type":"SearchAction","target":{"@type":"EntryPoint","urlTemplate":"https:\/\/davor.pleskina.com\/?s={search_term_string}"},"query-input":{"@type":"PropertyValueSpecification","valueRequired":true,"valueName":"search_term_string"}}],"inLanguage":"en-US"},{"@type":["Person","Organization"],"@id":"https:\/\/davor.pleskina.com\/#\/schema\/person\/73a3c55dd492b781e0ccde1908336648","name":"Davor Pleskina","image":{"@type":"ImageObject","inLanguage":"en-US","@id":"https:\/\/davor.pleskina.com\/#\/schema\/person\/image\/","url":"https:\/\/davor.pleskina.com\/wp-content\/uploads\/2025\/04\/cropped-9e4a4959-8b7d-42cf-a303-7ca0cb4aa407.jpg","contentUrl":"https:\/\/davor.pleskina.com\/wp-content\/uploads\/2025\/04\/cropped-9e4a4959-8b7d-42cf-a303-7ca0cb4aa407.jpg","width":736,"height":810,"caption":"Davor Pleskina"},"logo":{"@id":"https:\/\/davor.pleskina.com\/#\/schema\/person\/image\/"},"sameAs":["https:\/\/davor.pleskina.com","https:\/\/www.facebook.com\/davor.pleskina","https:\/\/www.instagram.com\/lorddavor"]}]}},"uagb_featured_image_src":{"full":false,"thumbnail":false,"medium":false,"medium_large":false,"large":false,"1536x1536":false,"2048x2048":false},"uagb_author_info":{"display_name":"Davor Pleskina","author_link":"https:\/\/davor.pleskina.com\/?author=1"},"uagb_comment_info":0,"uagb_excerpt":"Neodoljiva privla\u010dnost povijesne fikcije &nbsp; Dobra povijesna pri\u010da ima neku svoju neodoljivu privla\u010dnost. Slu\u0161amo je otvorenih usta dok uko\u010deno zurimo [&hellip;]","_links":{"self":[{"href":"https:\/\/davor.pleskina.com\/index.php?rest_route=\/wp\/v2\/pages\/158","targetHints":{"allow":["GET"]}}],"collection":[{"href":"https:\/\/davor.pleskina.com\/index.php?rest_route=\/wp\/v2\/pages"}],"about":[{"href":"https:\/\/davor.pleskina.com\/index.php?rest_route=\/wp\/v2\/types\/page"}],"author":[{"embeddable":true,"href":"https:\/\/davor.pleskina.com\/index.php?rest_route=\/wp\/v2\/users\/1"}],"replies":[{"embeddable":true,"href":"https:\/\/davor.pleskina.com\/index.php?rest_route=%2Fwp%2Fv2%2Fcomments&post=158"}],"version-history":[{"count":2,"href":"https:\/\/davor.pleskina.com\/index.php?rest_route=\/wp\/v2\/pages\/158\/revisions"}],"predecessor-version":[{"id":163,"href":"https:\/\/davor.pleskina.com\/index.php?rest_route=\/wp\/v2\/pages\/158\/revisions\/163"}],"wp:attachment":[{"href":"https:\/\/davor.pleskina.com\/index.php?rest_route=%2Fwp%2Fv2%2Fmedia&parent=158"}],"curies":[{"name":"wp","href":"https:\/\/api.w.org\/{rel}","templated":true}]}}

Predgovor knjizi &#8220;Čelik i čast &#8211; u sjeni polumjeseca&#8221;

<h3><strong>Neodoljiva privlačnost povijesne fikcije</strong></h3>
<p>&nbsp;</p>
<p>Dobra povijesna priča ima neku svoju neodoljivu privlačnost. Slušamo je otvorenih usta dok ukočeno zurimo u pripovjedača, a čitamo stiskajući zube dok vrhovima prstiju nesvjesnim pokretom polako podižemo rub sljedeće stranice.</p>
<p>Knjiga koju upravo držite u ruci ima baš takvu priču. I uživat ćete u svakom njezinom retku. Brzo ćete se povezati s mladim parom iz tada sasvim novog grada Karlovca, razdvojenim nesretnim stjecajem okolnosti i uživjeti u napore ne samo njih samih, već i njihovih bližnjih, pa čak i potpuno nepoznatih, da izdrže u životnoj utrci s vremenom ususret onom danu u kojemu će se okolnosti promijeniti nabolje.</p>
<p>Upravo je očaravajuće kako ovo djelo &#8211; prvijenac autora Davora Pleskine &#8211; odiše zrelošću, vrhunskom naracijom i ljepotom izraza. Ima u tome i onoga što baštinimo još iz doba Augusta Šenoe i Josipa Eugena Tomića, što smo kao djeca čitali prvo za školsku lektiru, a potom za vlastiti užitak u prekrasnoj hrvatskoj riječi. Nema u tom neoromantičarskom pristupu ničega lošeg. Upravo suprotno. Autor je time istodobno pokazao ne samo vlastiti književni izraz već i svoju načitanost, pri čemu je bez imalo skrivanja odao poštovanje svojim uzorima i velikim prethodnicima.</p>
<p>Kao i svakoj drugoj povijesno dobro utemeljenoj priči, i ovoj je prethodilo temeljito proučavanje povijesti, što najviše upada u oči uporabom izraza iz onog doba. Tako ćete pročitati da se voštanicama noću osvjetljavaju izbe i konaci, jede sudžuk, trguje na pazaru, kako jedni vojnici nose helebarde, a drugi jatagane i kilije, putnici se sklanjaju po čardacima ili okupljaju oko krijesova po taborima, gdje s akindžijama, spahijama i janjičarima uz čadore u kazanu čorbu kuhaju…</p>
<p>Prepuštam vas sada Davoru Pleskini i njegovoj prekrasnoj priči.</p>
<p>&nbsp;</p>
<p><strong>Tomislav Beronić, urednik</strong></p>

<p>Neodoljiva privlačnost povijesne fikcije &nbsp; Dobra povijesna priča ima neku svoju neodoljivu privlačnost. Slušamo je otvorenih usta dok ukočeno zurimo [&hellip;]</p>

<!-- This site is optimized with the Yoast SEO plugin v24.9 - https://yoast.com/wordpress/plugins/seo/ -->
<title>Predgovor knjizi &quot;Čelik i čast - u sjeni polumjeseca&quot; - Davor Pleskina - avtor</title>
<meta name="robots" content="index, follow, max-snippet:-1, max-image-preview:large, max-video-preview:-1" />
<link rel="canonical" href="https://davor.pleskina.com/?page_id=158" />
<meta property="og:locale" content="en_US" />
<meta property="og:type" content="article" />
<meta property="og:title" content="Predgovor knjizi &quot;Čelik i čast - u sjeni polumjeseca&quot; - Davor Pleskina - avtor" />
<meta property="og:description" content="Neodoljiva privlačnost povijesne fikcije &nbsp; Dobra povijesna priča ima neku svoju neodoljivu privlačnost. Slušamo je otvorenih usta dok ukočeno zurimo [&hellip;]" />
<meta property="og:url" content="https://davor.pleskina.com/?page_id=158" />
<meta property="og:site_name" content="Davor Pleskina - avtor" />
<meta property="article:publisher" content="https://www.facebook.com/davor.pleskina" />
<meta property="article:modified_time" content="2025-04-27T11:22:33+00:00" />
<meta name="twitter:card" content="summary_large_image" />
<meta name="twitter:label1" content="Est. reading time" />
	<meta name="twitter:data1" content="2 minutes" />
<script type="application/ld+json" class="yoast-schema-graph">{"@context":"https://schema.org","@graph":[{"@type":"WebPage","@id":"https://davor.pleskina.com/?page_id=158","url":"https://davor.pleskina.com/?page_id=158","name":"Predgovor knjizi \"Čelik i čast - u sjeni polumjeseca\" - Davor Pleskina - avtor","isPartOf":{"@id":"https://davor.pleskina.com/#website"},"datePublished":"2025-04-27T11:20:19+00:00","dateModified":"2025-04-27T11:22:33+00:00","breadcrumb":{"@id":"https://davor.pleskina.com/?page_id=158#breadcrumb"},"inLanguage":"en-US","potentialAction":[{"@type":"ReadAction","target":["https://davor.pleskina.com/?page_id=158"]}]},{"@type":"BreadcrumbList","@id":"https://davor.pleskina.com/?page_id=158#breadcrumb","itemListElement":[{"@type":"ListItem","position":1,"name":"Home","item":"https://davor.pleskina.com/?page_id=82&lang=sl"},{"@type":"ListItem","position":2,"name":"Predgovor knjizi &#8220;Čelik i čast &#8211; u sjeni polumjeseca&#8221;"}]},{"@type":"WebSite","@id":"https://davor.pleskina.com/#website","url":"https://davor.pleskina.com/","name":"Davor Pleskina - Author","description":"","publisher":{"@id":"https://davor.pleskina.com/#/schema/person/73a3c55dd492b781e0ccde1908336648"},"potentialAction":[{"@type":"SearchAction","target":{"@type":"EntryPoint","urlTemplate":"https://davor.pleskina.com/?s={search_term_string}"},"query-input":{"@type":"PropertyValueSpecification","valueRequired":true,"valueName":"search_term_string"}}],"inLanguage":"en-US"},{"@type":["Person","Organization"],"@id":"https://davor.pleskina.com/#/schema/person/73a3c55dd492b781e0ccde1908336648","name":"Davor Pleskina","image":{"@type":"ImageObject","inLanguage":"en-US","@id":"https://davor.pleskina.com/#/schema/person/image/","url":"https://davor.pleskina.com/wp-content/uploads/2025/04/cropped-9e4a4959-8b7d-42cf-a303-7ca0cb4aa407.jpg","contentUrl":"https://davor.pleskina.com/wp-content/uploads/2025/04/cropped-9e4a4959-8b7d-42cf-a303-7ca0cb4aa407.jpg","width":736,"height":810,"caption":"Davor Pleskina"},"logo":{"@id":"https://davor.pleskina.com/#/schema/person/image/"},"sameAs":["https://davor.pleskina.com","https://www.facebook.com/davor.pleskina","https://www.instagram.com/lorddavor"]}]}</script>
<!-- / Yoast SEO plugin. -->

Predgovor knjizi "Čelik i čast - u sjeni polumjeseca" - Davor Pleskina - avtor

Neodoljiva privlačnost povijesne fikcije &nbsp; Dobra povijesna priča ima neku svoju neodoljivu privlačnost. Slušamo je otvorenih usta dok ukočeno zurimo [&hellip;]
