{"id":32,"date":"2025-04-10T13:02:32","date_gmt":"2025-04-10T13:02:32","guid":{"rendered":"https:\/\/davor.pleskina.com\/?page_id=32"},"modified":"2025-04-27T16:04:04","modified_gmt":"2025-04-27T16:04:04","slug":"knjige","status":"publish","type":"page","link":"https:\/\/davor.pleskina.com\/?page_id=32","title":{"rendered":"Knjige"},"content":{"rendered":"<details class=\"wp-block-details is-layout-flow wp-block-details-is-layout-flow\" open=\"\">\r\n<summary><\/summary>\r\n\r\n<div class=\"wp-block-uagb-container uagb-block-8cfc92e1 alignfull uagb-is-root-container\">\r\n<div class=\"uagb-container-inner-blocks-wrap\">\r\n<div class=\"wp-block-uagb-container uagb-block-ed0719d3\">\r\n<figure class=\"wp-block-image size-large\"><img loading=\"lazy\" decoding=\"async\" width=\"576\" height=\"1024\" class=\"wp-image-63 alignleft\" src=\"https:\/\/davor.pleskina.com\/wp-content\/uploads\/2025\/04\/IMG_5186-576x1024.png\" alt=\"\" srcset=\"https:\/\/davor.pleskina.com\/wp-content\/uploads\/2025\/04\/IMG_5186-576x1024.png 576w, https:\/\/davor.pleskina.com\/wp-content\/uploads\/2025\/04\/IMG_5186-169x300.png 169w, https:\/\/davor.pleskina.com\/wp-content\/uploads\/2025\/04\/IMG_5186-768x1365.png 768w, https:\/\/davor.pleskina.com\/wp-content\/uploads\/2025\/04\/IMG_5186.png 800w\" sizes=\"auto, (max-width: 576px) 100vw, 576px\" \/><\/figure>\r\n<\/div>\r\n\r\n\r\n\r\n<div class=\"wp-block-uagb-container uagb-block-b7fa2a05\">\r\n<p class=\"has-large-font-size\">\u010celik i \u010dast &#8211; u sjeni polumjeseca<\/p>\r\n\r\n\r\n\r\n<div class=\"wp-block-uagb-container uagb-block-1832521c\"><a href=\"https:\/\/davor.pleskina.com\/?page_id=158\">Pro\u010ditajte i predgovor knjizi &#8220;\u010celik i \u010dast &#8211; u sjeni polumjeseca&#8221;<\/a><\/div>\r\n<div>\u00a0<\/div>\r\n\r\n\r\n\r\n<p>Godina je 1580. Kranjska, Hrvatska i dobar dio zapadne Bosne svojevrstan su \u201edivlji zapad\u201c Balkanskog poluotoka 16. stolje\u0107a. Ve\u0107 desetlje\u0107ima traju krvave borbe izme\u0111u Osmanlija i kr\u0161\u0107anskog svijeta, a Otomansko se Carstvo opasno pribli\u017eava srcu Europe. Unato\u010d relativno stabilnoj granici dvaju svjetova, koja se zatekla ba\u0161 na podru\u010dju dana\u0161njih Slovenije i Hrvatske, te ustanovljenju takozvane Vojne krajine, turske bande \u010desto prodiru duboko na zapad pale\u0107i, plja\u010dkaju\u0107i, ubijaju\u0107i i odvode\u0107i stanovni\u0161tvo u roblje. Od ljeta godine 1579. gradi se po naredbi austrijskog nadvojvode Karla utvrda Karlovac, kako bi se sprije\u010dilo daljnje napredovanje osmanlijske prijetnje.<\/p>\r\n\r\n\r\n\r\n<p>Stanovni\u0161tvo tog podru\u010dja mije\u0161ano je i iscrpljeno stalnim \u010darkama i sukobima; jedan dio \u010dine izbjeglice iz osvojenih zemalja, drugi doseljeni vojnici i pla\u0107enici, a tre\u0107i doma\u0107i, plja\u010dkama i napadima izmoreni ljudi. Vje\u0161to plivaju\u0107i izme\u0111u dva svijeta svoj kruh zara\u0111uje i \u201eiscjelitelj\u201c crnogorskog porijekla s jednostavnim nadimkom Poturica, kojeg nekako prihva\u0107aju i vole i na jednoj i na drugoj strani, jer svi trebaju njegove usluge. Potur\u010den u ranoj mladosti, a kasnije nakon mnogih bitaka otpu\u0161ten iz aktivne vojne slu\u017ebe me\u0111u janji\u010darima, pre\u0161ao je na kr\u0161\u0107ansku stranu, da bi se nakon tamo\u0161njega vojskovanja kona\u010dno posvetio lije\u010denju. Neki \u0107e ga spremno optu\u017eiti za dvostruko uho\u0111enje, makar za to nitko nema pravih dokaza.<\/p>\r\n\r\n\r\n\r\n<p>Kad Poturica na okupiranom podru\u010dju nedaleko Kamengrada sretne i prepozna otetu k\u0107er svog starog prijatelja, ina\u010de zapovjednika utvrde u izgradnji, odlu\u010duje po\u0107i na put javiti mu tu vijest. Stari se kapetan zajedno s k\u0107erinim zaru\u010dnikom odlu\u010di pokrenuti spasila\u010dku misiju. Sastavljena od mladog gardijskog poru\u010dnika Nikole, \u010duvenog ratnika Ivana i samog Poturice, mala i hrabra skupina odva\u017eit \u0107e se na riskantan put po smrznutoj i opasnoj Krajini i okupiranim hrvatskim zemljama, slu\u017ee\u0107i se raznim trikovima i smicalicama te naravno svim svojim ratni\u010dkim vje\u0161tinama, ne bi li izbavila kapetanovu k\u0107er iz turskih kand\u017ei.<\/p>\r\n\r\n\r\n\r\n<p>Napeta pri\u010da o te\u0161kim i opasnim vremenima, lojalnosti, \u010dasti, hrabrosti i nesebi\u010dnosti uvest \u0107e vas u ne tako davnu pro\u0161lost, pru\u017eiti uvid u dio bogate povijesti Karlovca i Vojne krajine, upoznati s brojnim zanimljivim povijesnim i fiktivnim likovima i povesti na put prepun i\u0161\u010dekivanja, napetosti i raznih iznena\u0111enja.<\/p>\r\n<\/div>\r\n<\/div>\r\n<\/div>\r\n<\/details>\r\n\r\n\r\n<p>&nbsp;<\/p>\r\n\r\n\r\n\r\n<p>&nbsp;<\/p>\r\n\r\n\r\n\r\n<p>&nbsp;<\/p>\r\n","protected":false},"excerpt":{"rendered":"<p>&nbsp; &nbsp; &nbsp;<\/p>\n","protected":false},"author":1,"featured_media":0,"parent":0,"menu_order":0,"comment_status":"closed","ping_status":"closed","template":"","meta":{"_uag_custom_page_level_css":"","site-sidebar-layout":"default","site-content-layout":"","ast-site-content-layout":"default","site-content-style":"default","site-sidebar-style":"default","ast-global-header-display":"","ast-banner-title-visibility":"","ast-main-header-display":"","ast-hfb-above-header-display":"","ast-hfb-below-header-display":"","ast-hfb-mobile-header-display":"","site-post-title":"","ast-breadcrumbs-content":"","ast-featured-img":"","footer-sml-layout":"","theme-transparent-header-meta":"default","adv-header-id-meta":"","stick-header-meta":"","header-above-stick-meta":"","header-main-stick-meta":"","header-below-stick-meta":"","astra-migrate-meta-layouts":"set","ast-page-background-enabled":"default","ast-page-background-meta":{"desktop":{"background-color":"var(--ast-global-color-5)","background-image":"","background-repeat":"repeat","background-position":"center center","background-size":"auto","background-attachment":"scroll","background-type":"","background-media":"","overlay-type":"","overlay-color":"","overlay-opacity":"","overlay-gradient":""},"tablet":{"background-color":"","background-image":"","background-repeat":"repeat","background-position":"center center","background-size":"auto","background-attachment":"scroll","background-type":"","background-media":"","overlay-type":"","overlay-color":"","overlay-opacity":"","overlay-gradient":""},"mobile":{"background-color":"","background-image":"","background-repeat":"repeat","background-position":"center center","background-size":"auto","background-attachment":"scroll","background-type":"","background-media":"","overlay-type":"","overlay-color":"","overlay-opacity":"","overlay-gradient":""}},"ast-content-background-meta":{"desktop":{"background-color":"var(--ast-global-color-4)","background-image":"","background-repeat":"repeat","background-position":"center center","background-size":"auto","background-attachment":"scroll","background-type":"","background-media":"","overlay-type":"","overlay-color":"","overlay-opacity":"","overlay-gradient":""},"tablet":{"background-color":"var(--ast-global-color-4)","background-image":"","background-repeat":"repeat","background-position":"center center","background-size":"auto","background-attachment":"scroll","background-type":"","background-media":"","overlay-type":"","overlay-color":"","overlay-opacity":"","overlay-gradient":""},"mobile":{"background-color":"var(--ast-global-color-4)","background-image":"","background-repeat":"repeat","background-position":"center center","background-size":"auto","background-attachment":"scroll","background-type":"","background-media":"","overlay-type":"","overlay-color":"","overlay-opacity":"","overlay-gradient":""}},"footnotes":""},"class_list":["post-32","page","type-page","status-publish","hentry"],"yoast_head":"<!-- This site is optimized with the Yoast SEO plugin v24.9 - https:\/\/yoast.com\/wordpress\/plugins\/seo\/ -->\n<title>Knjige - Davor Pleskina - avtor<\/title>\n<meta name=\"robots\" content=\"index, follow, max-snippet:-1, max-image-preview:large, max-video-preview:-1\" \/>\n<link rel=\"canonical\" href=\"https:\/\/davor.pleskina.com\/?page_id=32\" \/>\n<meta property=\"og:locale\" content=\"en_US\" \/>\n<meta property=\"og:type\" content=\"article\" \/>\n<meta property=\"og:title\" content=\"Knjige - Davor Pleskina - avtor\" \/>\n<meta property=\"og:description\" content=\"&nbsp; &nbsp; &nbsp;\" \/>\n<meta property=\"og:url\" content=\"https:\/\/davor.pleskina.com\/?page_id=32\" \/>\n<meta property=\"og:site_name\" content=\"Davor Pleskina - avtor\" \/>\n<meta property=\"article:publisher\" content=\"https:\/\/www.facebook.com\/davor.pleskina\" \/>\n<meta property=\"article:modified_time\" content=\"2025-04-27T16:04:04+00:00\" \/>\n<meta property=\"og:image\" content=\"https:\/\/davor.pleskina.com\/wp-content\/uploads\/2025\/04\/IMG_5186.png\" \/>\n\t<meta property=\"og:image:width\" content=\"800\" \/>\n\t<meta property=\"og:image:height\" content=\"1422\" \/>\n\t<meta property=\"og:image:type\" content=\"image\/png\" \/>\n<meta name=\"twitter:card\" content=\"summary_large_image\" \/>\n<meta name=\"twitter:label1\" content=\"Est. reading time\" \/>\n\t<meta name=\"twitter:data1\" content=\"2 minutes\" \/>\n<script type=\"application\/ld+json\" class=\"yoast-schema-graph\">{\"@context\":\"https:\/\/schema.org\",\"@graph\":[{\"@type\":\"WebPage\",\"@id\":\"https:\/\/davor.pleskina.com\/?page_id=32\",\"url\":\"https:\/\/davor.pleskina.com\/?page_id=32\",\"name\":\"Knjige - Davor Pleskina - avtor\",\"isPartOf\":{\"@id\":\"https:\/\/davor.pleskina.com\/#website\"},\"primaryImageOfPage\":{\"@id\":\"https:\/\/davor.pleskina.com\/?page_id=32#primaryimage\"},\"image\":{\"@id\":\"https:\/\/davor.pleskina.com\/?page_id=32#primaryimage\"},\"thumbnailUrl\":\"https:\/\/davor.pleskina.com\/wp-content\/uploads\/2025\/04\/IMG_5186-576x1024.png\",\"datePublished\":\"2025-04-10T13:02:32+00:00\",\"dateModified\":\"2025-04-27T16:04:04+00:00\",\"breadcrumb\":{\"@id\":\"https:\/\/davor.pleskina.com\/?page_id=32#breadcrumb\"},\"inLanguage\":\"en-US\",\"potentialAction\":[{\"@type\":\"ReadAction\",\"target\":[\"https:\/\/davor.pleskina.com\/?page_id=32\"]}]},{\"@type\":\"ImageObject\",\"inLanguage\":\"en-US\",\"@id\":\"https:\/\/davor.pleskina.com\/?page_id=32#primaryimage\",\"url\":\"https:\/\/davor.pleskina.com\/wp-content\/uploads\/2025\/04\/IMG_5186.png\",\"contentUrl\":\"https:\/\/davor.pleskina.com\/wp-content\/uploads\/2025\/04\/IMG_5186.png\",\"width\":800,\"height\":1422},{\"@type\":\"BreadcrumbList\",\"@id\":\"https:\/\/davor.pleskina.com\/?page_id=32#breadcrumb\",\"itemListElement\":[{\"@type\":\"ListItem\",\"position\":1,\"name\":\"Home\",\"item\":\"https:\/\/davor.pleskina.com\/?page_id=82&lang=sl\"},{\"@type\":\"ListItem\",\"position\":2,\"name\":\"Knjige\"}]},{\"@type\":\"WebSite\",\"@id\":\"https:\/\/davor.pleskina.com\/#website\",\"url\":\"https:\/\/davor.pleskina.com\/\",\"name\":\"Davor Pleskina - Author\",\"description\":\"\",\"publisher\":{\"@id\":\"https:\/\/davor.pleskina.com\/#\/schema\/person\/73a3c55dd492b781e0ccde1908336648\"},\"potentialAction\":[{\"@type\":\"SearchAction\",\"target\":{\"@type\":\"EntryPoint\",\"urlTemplate\":\"https:\/\/davor.pleskina.com\/?s={search_term_string}\"},\"query-input\":{\"@type\":\"PropertyValueSpecification\",\"valueRequired\":true,\"valueName\":\"search_term_string\"}}],\"inLanguage\":\"en-US\"},{\"@type\":[\"Person\",\"Organization\"],\"@id\":\"https:\/\/davor.pleskina.com\/#\/schema\/person\/73a3c55dd492b781e0ccde1908336648\",\"name\":\"Davor Pleskina\",\"image\":{\"@type\":\"ImageObject\",\"inLanguage\":\"en-US\",\"@id\":\"https:\/\/davor.pleskina.com\/#\/schema\/person\/image\/\",\"url\":\"https:\/\/davor.pleskina.com\/wp-content\/uploads\/2025\/04\/cropped-9e4a4959-8b7d-42cf-a303-7ca0cb4aa407.jpg\",\"contentUrl\":\"https:\/\/davor.pleskina.com\/wp-content\/uploads\/2025\/04\/cropped-9e4a4959-8b7d-42cf-a303-7ca0cb4aa407.jpg\",\"width\":736,\"height\":810,\"caption\":\"Davor Pleskina\"},\"logo\":{\"@id\":\"https:\/\/davor.pleskina.com\/#\/schema\/person\/image\/\"},\"sameAs\":[\"https:\/\/davor.pleskina.com\",\"https:\/\/www.facebook.com\/davor.pleskina\",\"https:\/\/www.instagram.com\/lorddavor\"]}]}<\/script>\n<!-- \/ Yoast SEO plugin. -->","yoast_head_json":{"title":"Knjige - Davor Pleskina - avtor","robots":{"index":"index","follow":"follow","max-snippet":"max-snippet:-1","max-image-preview":"max-image-preview:large","max-video-preview":"max-video-preview:-1"},"canonical":"https:\/\/davor.pleskina.com\/?page_id=32","og_locale":"en_US","og_type":"article","og_title":"Knjige - Davor Pleskina - avtor","og_description":"&nbsp; &nbsp; &nbsp;","og_url":"https:\/\/davor.pleskina.com\/?page_id=32","og_site_name":"Davor Pleskina - avtor","article_publisher":"https:\/\/www.facebook.com\/davor.pleskina","article_modified_time":"2025-04-27T16:04:04+00:00","og_image":[{"width":800,"height":1422,"url":"https:\/\/davor.pleskina.com\/wp-content\/uploads\/2025\/04\/IMG_5186.png","type":"image\/png"}],"twitter_card":"summary_large_image","twitter_misc":{"Est. reading time":"2 minutes"},"schema":{"@context":"https:\/\/schema.org","@graph":[{"@type":"WebPage","@id":"https:\/\/davor.pleskina.com\/?page_id=32","url":"https:\/\/davor.pleskina.com\/?page_id=32","name":"Knjige - Davor Pleskina - avtor","isPartOf":{"@id":"https:\/\/davor.pleskina.com\/#website"},"primaryImageOfPage":{"@id":"https:\/\/davor.pleskina.com\/?page_id=32#primaryimage"},"image":{"@id":"https:\/\/davor.pleskina.com\/?page_id=32#primaryimage"},"thumbnailUrl":"https:\/\/davor.pleskina.com\/wp-content\/uploads\/2025\/04\/IMG_5186-576x1024.png","datePublished":"2025-04-10T13:02:32+00:00","dateModified":"2025-04-27T16:04:04+00:00","breadcrumb":{"@id":"https:\/\/davor.pleskina.com\/?page_id=32#breadcrumb"},"inLanguage":"en-US","potentialAction":[{"@type":"ReadAction","target":["https:\/\/davor.pleskina.com\/?page_id=32"]}]},{"@type":"ImageObject","inLanguage":"en-US","@id":"https:\/\/davor.pleskina.com\/?page_id=32#primaryimage","url":"https:\/\/davor.pleskina.com\/wp-content\/uploads\/2025\/04\/IMG_5186.png","contentUrl":"https:\/\/davor.pleskina.com\/wp-content\/uploads\/2025\/04\/IMG_5186.png","width":800,"height":1422},{"@type":"BreadcrumbList","@id":"https:\/\/davor.pleskina.com\/?page_id=32#breadcrumb","itemListElement":[{"@type":"ListItem","position":1,"name":"Home","item":"https:\/\/davor.pleskina.com\/?page_id=82&lang=sl"},{"@type":"ListItem","position":2,"name":"Knjige"}]},{"@type":"WebSite","@id":"https:\/\/davor.pleskina.com\/#website","url":"https:\/\/davor.pleskina.com\/","name":"Davor Pleskina - Author","description":"","publisher":{"@id":"https:\/\/davor.pleskina.com\/#\/schema\/person\/73a3c55dd492b781e0ccde1908336648"},"potentialAction":[{"@type":"SearchAction","target":{"@type":"EntryPoint","urlTemplate":"https:\/\/davor.pleskina.com\/?s={search_term_string}"},"query-input":{"@type":"PropertyValueSpecification","valueRequired":true,"valueName":"search_term_string"}}],"inLanguage":"en-US"},{"@type":["Person","Organization"],"@id":"https:\/\/davor.pleskina.com\/#\/schema\/person\/73a3c55dd492b781e0ccde1908336648","name":"Davor Pleskina","image":{"@type":"ImageObject","inLanguage":"en-US","@id":"https:\/\/davor.pleskina.com\/#\/schema\/person\/image\/","url":"https:\/\/davor.pleskina.com\/wp-content\/uploads\/2025\/04\/cropped-9e4a4959-8b7d-42cf-a303-7ca0cb4aa407.jpg","contentUrl":"https:\/\/davor.pleskina.com\/wp-content\/uploads\/2025\/04\/cropped-9e4a4959-8b7d-42cf-a303-7ca0cb4aa407.jpg","width":736,"height":810,"caption":"Davor Pleskina"},"logo":{"@id":"https:\/\/davor.pleskina.com\/#\/schema\/person\/image\/"},"sameAs":["https:\/\/davor.pleskina.com","https:\/\/www.facebook.com\/davor.pleskina","https:\/\/www.instagram.com\/lorddavor"]}]}},"uagb_featured_image_src":{"full":false,"thumbnail":false,"medium":false,"medium_large":false,"large":false,"1536x1536":false,"2048x2048":false},"uagb_author_info":{"display_name":"Davor Pleskina","author_link":"https:\/\/davor.pleskina.com\/?author=1"},"uagb_comment_info":0,"uagb_excerpt":"&nbsp; &nbsp; &nbsp;","_links":{"self":[{"href":"https:\/\/davor.pleskina.com\/index.php?rest_route=\/wp\/v2\/pages\/32","targetHints":{"allow":["GET"]}}],"collection":[{"href":"https:\/\/davor.pleskina.com\/index.php?rest_route=\/wp\/v2\/pages"}],"about":[{"href":"https:\/\/davor.pleskina.com\/index.php?rest_route=\/wp\/v2\/types\/page"}],"author":[{"embeddable":true,"href":"https:\/\/davor.pleskina.com\/index.php?rest_route=\/wp\/v2\/users\/1"}],"replies":[{"embeddable":true,"href":"https:\/\/davor.pleskina.com\/index.php?rest_route=%2Fwp%2Fv2%2Fcomments&post=32"}],"version-history":[{"count":21,"href":"https:\/\/davor.pleskina.com\/index.php?rest_route=\/wp\/v2\/pages\/32\/revisions"}],"predecessor-version":[{"id":167,"href":"https:\/\/davor.pleskina.com\/index.php?rest_route=\/wp\/v2\/pages\/32\/revisions\/167"}],"wp:attachment":[{"href":"https:\/\/davor.pleskina.com\/index.php?rest_route=%2Fwp%2Fv2%2Fmedia&parent=32"}],"curies":[{"name":"wp","href":"https:\/\/api.w.org\/{rel}","templated":true}]}}